eds digit of 230843?
8
What is the ten millions digit of 10336888?
1
What is the millions digit of 1194357?
1
What is the thousands digit of 8572903?
2
What is the units digit of 2383650?
0
What is the thousands digit of 192163?
2
What is the thousands digit of 8871336?
1
What is the thousands digit of 433116?
3
What is the hundred thousands digit of 3738402?
7
What is the millions digit of 5814298?
5
What is the ten thousands digit of 15528289?
2
What is the units digit of 680952?
2
What is the thousands digit of 211606?
1
What is the thousands digit of 107835?
7
What is the units digit of 71403?
3
What is the tens digit of 16157801?
0
What is the hundreds digit of 4831410?
4
What is the hundred thousands digit of 12433437?
4
What is the hundred thousands digit of 328801?
3
What is the millions digit of 23072763?
3
What is the hundred thousands digit of 6546994?
5
What is the ten millions digit of 10867809?
1
What is the hundreds digit of 166373?
3
What is the thousands digit of 8106450?
6
What is the tens digit of 290803?
0
What is the hundred thousands digit of 22470280?
4
What is the ten thousands digit of 257130?
5
What is the hundreds digit of 89177?
1
What is the ten thousands digit of 1471630?
7
What is the hundred thousands digit of 20433432?
4
What is the units digit of 4014105?
5
What is the tens digit of 8175310?
1
What is the ten thousands digit of 185574?
8
What is the tens digit of 14760067?
6
What is the units digit of 17854707?
7
What is the units digit of 967167?
7
What is the tens digit of 950002?
0
What is the millions digit of 1710627?
1
What is the ten millions digit of 15358688?
1
What is the ten thousands digit of 415835?
1
What is the ten thousands digit of 23972?
2
What is the hundred thousands digit of 700219?
7
What is the millions digit of 5281221?
5
What is the units digit of 1685211?
1
What is the ten thousands digit of 6378089?
7
What is the ten thousands digit of 1480671?
8
What is the units digit of 1324938?
8
What is the hundreds digit of 2972?
9
What is the tens digit of 428923?
2
What is the ten millions digit of 35782734?
3
What is the tens digit of 420852?
5
What is the units digit of 4732241?
1
What is the units digit of 8071195?
5
What is the hundred thousands digit of 4006362?
0
What is the thousands digit of 2703189?
3
What is the ten thousands digit of 55473?
5
What is the hundreds digit of 82447?
4
What is the millions digit of 5971536?
5
What is the thousands digit of 433015?
3
What is the ten millions digit of 17812179?
1
What is the thousands digit of 5098908?
8
What is the units digit of 5991?
1
What is the hundred thousands digit of 210481?
2
What is the units digit of 1863703?
3
What is the hundreds digit of 2871348?
3
What is the thousands digit of 3786879?
6
What is the units digit of 1590826?
6
What is the ten thousands digit of 1200946?
0
What is the tens digit of 56462?
6
What is the millions digit of 6988092?
6
What is the hundred thousands digit of 7901026?
9
What is the hundreds digit of 2123265?
2
What is the thousands digit of 45701?
5
What is the units digit of 2101326?
6
What is the hundred thousands digit of 3332903?
3
What is the thousands digit of 15701?
5
What is the hundreds digit of 532056?
0
What is the hundred thousands digit of 1933205?
9
What is the millions digit of 1278390?
1
What is the tens digit of 4600936?
3
What is the hundreds digit of 2134445?
4
What is the tens digit of 280641?
4
What is the units digit of 162968?
8
What is the millions digit of 7063101?
7
What is the ten thousands digit of 1368839?
6
What is the ten millions digit of 15457732?
1
What is the thousands digit of 2348326?
8
What is the hundreds digit of 12494907?
9
What is the hundred thousands digit of 268832?
2
What is the units digit of 907058?
8
What is the units digit of 608517?
7
What is the thousands digit of 30087490?
7
What is the ten thousands digit of 816851?
1
What is the units digit of 93203?
3
What is the hundreds digit of 578764?
7
What is the units digit of 42235?
5
What is the hundred thousands digit of 440968?
4
What is the units digit of 324468?
8
What is the units digit of 24493508?
8
What is the hundred thousands digit of 8829167?
8
What is the units digit of 914772?
2
What is the tens digit of 4419350?
5
What is the hundreds digit of 1259303?
3
What is the ten thousands digit of 545064?
4
What is the hundred thousands digit of 266166?
2
What is the hundred thousands digit of 413582?
4
What is the tens digit of 2329903?
0
What is the ten millions digit of 18955878?
1
What is the units digit of 10444?
4
What is the ten millions digit of 19869698?
1
What is the thousands digit of 6289394?
9
What is the millions digit of 6726149?
6
What is the hundreds digit of 12301205?
2
What is the thousands digit of 2142019?
2
What is the tens digit of 3696148?
4
What is the tens digit of 6477308?
0
What is the hundred thousands digit of 2366661?
3
What is the hundreds digit of 23242628?
6
What is the units digit of 1477919?
9
What is the units digit of 17143283?
3
What is the hundreds digit of 775710?
7
What is the units digit of 83941?
1
What is the millions digit of 1899148?
1
What is the tens digit of 793631?
3
What is the hundred thousands digit of 24373452?
3
What is the ten millions digit of 26917616?
2
What is the thousands digit of 1140972?
0
What is the millions digit of 20611147?
0
What is the hundred thousands digit of 2466382?
4
What is the tens digit of 742461?
6
What is the hundreds digit of 10006859?
8
What is the ten thousands digit of 15816602?
1
What is the millions digit of 7333985?
7
What is the tens digit of 1646062?
6
What is the ten thousands digit of 3288138?
8
What is the tens digit of 17016161?
6
What is the hundred thousands digit of 4383445?
3
What is the thousands digit of 4175118?
5
What is the ten thousands digit of 95482?
9
What is the units digit of 119127?
7
What is the thousands digit of 365843?
5
What is the ten thousands digit of 2518166?
1
What is the ten thousands digit of 22691?
2
What is the thousands digit of 153501?
3
What is the tens digit of 6759098?
9
What is the millions digit of 20934753?
0
What is the hundreds digit of 354843?
8
What is the hundred thousands digit of 8534436?
5
What is the ten thousands digit of 1119333?
1
What is the tens digit of 4352182?
8
What is the millions digit of 10534707?
0
What is the hundreds digit of 171053?
0
What is the tens digit of 7517378?
7
What is the units digit of 2491301?
1
What is the millions digit of 7177942?
7
What is the units digit of 22750892?
2
What is the hundreds digit of 437539?
5
What is the hundred thousands digit of 422622?
4
What is the hundreds digit of 33496833?
8
What is the units digit of 498898?
8
What is the hundred thousands digit of 617014?
6
What is the hundred thousands digit of 2382977?
3
What is the tens digit of 29758?
5
What is the hundred thousands digit of 2497571?
4
What is the ten thousands digit of 225715?
2
What is the hundreds digit of 362106?
1
What is the hundreds digit of 1995732?
7
What is the ten thousands digit of 4959761?
5
What is the ten thousands digit of 3533871?
3
What is the units digit of 370114?
4
What is the ten thousands digit of 2402306?
0
What is the hundreds digit of 7462?
4
What is the millions digit of 28485829?
8
What is the thousands digit of 470493?
0
What is the units digit of 2716199?
9
What is the millions digit of 7950824?
7
What is the hundreds digit of 1717254?
2
What is the tens digit of 60741?
4
What is the thousands digit of 1011016?
1
What is the hundred thousands digit of 2625891?
6
What is the units digit of 7111601?
1
What is the thousands digit of 352903?
2
What is the tens digit of 71003?
0
What is the hundred thousands digit of 4385191?
3
What is the units digit of 191811?
1
What is the hundred thousands digit of 11868746?
8
What is the thousands digit of 560840?
0
What is the ten thousands digit of 3291352?
9
What is the hundred thousands digit of 272665?
2
What is the units digit of 10079498?
8
What is the hundreds digit of 37718462?
4
What is the millions digit of 3767115?
3
What is the units digit of 110701?
1
What is the ten thousands digit of 208860?
0
What is the millions digit of 2322624?
2
What is the hundred thousa